0011111?
100012000
In base 8, what is -5 - 5441?
-5446
In base 4, what is -2 - 2312131030?
-2312131032
In base 9, what is -3 - 3303?
-3306
In base 14, what is -58 - b?
-65
In base 11, what is -284525 + 3?
-284522
In base 11, what is -6197927 + -3?
-619792a
In base 12, what is -b43b + -3?
-b442
In base 16, what is 2 + -4f73?
-4f71
In base 6, what is -12101 + 51?
-12010
In base 15, what is -10d3 - 1a0?
-1283
In base 16, what is -3 - 1ba9?
-1bac
In base 14, what is -140 + 1794?
1654
In base 6, what is 443 + 1233?
2120
In base 5, what is 1 + 133223?
133224
In base 10, what is -9 - -314?
305
In base 11, what is 1a + -6508a?
-65070
In base 13, what is 2 + 32a?
32c
In base 9, what is -7 - 4372?
-4380
In base 14, what is 3b6 + -45?
371
In base 16, what is 0 - -2d124?
2d124
In base 15, what is -688a9 + -5?
-688ae
In base 12, what is 453 + -2138?
-18a5
In base 7, what is 135302 - -2?
135304
In base 7, what is -3 - 561252?
-561255
In base 5, what is -1001440222 - -1?
-1001440221
In base 14, what is -33c4 + 7c?
-3346
In base 15, what is -11c8 - -8a?
-113d
In base 12, what is -6007 - 12?
-6019
In base 14, what is 4568 + d?
4577
In base 6, what is 14 - 145441?
-145423
In base 15, what is -d974 - 5?
-d979
In base 10, what is -73 + -422?
-495
In base 9, what is -81163 - 5?
-81168
In base 7, what is 6520 + 263?
10113
In base 8, what is 4315 - 33?
4262
In base 9, what is 2371 + 2?
2373
In base 7, what is 5 - 5406431?
-5406423
In base 11, what is 254086 + -4?
254082
In base 15, what is -1 - -2bc76?
2bc75
In base 14, what is c - -61?
6d
In base 11, what is 171620 + 0?
171620
In base 5, what is -13203014 - -1?
-13203013
In base 14, what is -6 + 3968?
3962
In base 16, what is a16d - 0?
a16d
In base 15, what is -8c + -15d6?
-1673
In base 3, what is 120222 - 12020?
101202
In base 3, what is 10011 + -12212200?
-12202112
In base 10, what is 2 - 12421?
-12419
In base 12, what is -3 + 450?
449
In base 3, what is -1 - 221110210?
-221110211
In base 10, what is -6 - -1599?
1593
In base 4, what is 2333 + -210?
2123
In base 4, what is 112 - 33022?
-32310
In base 14, what is b7c6d - 5?
b7c68
In base 7, what is 12150 - 1023?
11124
In base 4, what is 123023 - -332?
130021
In base 10, what is 32524 + -72?
32452
In base 14, what is 12 + -cdc6?
-cdb4
In base 8, what is 20411 - -155?
20566
In base 13, what is -76 + 35?
-41
In base 6, what is 102 + -2310?
-2204
In base 13, what is 1a0 + -52?
14b
In base 11, what is -30 + -529?
-559
In base 14, what is -266 - -b0?
-196
In base 14, what is -1607908 + -1?
-1607909
In base 15, what is -ec9 + 1?
-ec8
In base 16, what is 2db + 9?
2e4
In base 12, what is 0 + 29843?
29843
In base 7, what is 30613 + -25?
30555
In base 7, what is -2 + -5211?
-5213
In base 2, what is 100100010110 - -10001?
100100100111
In base 3, what is -1020 + 120220011?
120211221
In base 13, what is 1 - 60b6?
-60b5
In base 9, what is 10240 - -10?
10250
In base 6, what is -14550 - 51?
-15041
In base 6, what is -2 - 122031?
-122033
In base 8, what is 247 - 520?
-251
In base 2, what is -10010111000011101 + -101100?
-10010111001001001
In base 6, what is 55 - 22533?
-22434
In base 14, what is -51 + -c64c?
-c69d
In base 7, what is 633112 - -1?
633113
In base 6, what is 22 + 255405?
255431
In base 11, what is 109 - 282?
-174
In base 3, what is -12210120 + 10222?
-12122121
In base 12, what is 14 - 147506?
-1474b2
In base 5, what is -41 + -122120?
-122211
In base 13, what is a - 175?
-168
In base 13, what is 163 - 2390?
-222a
In base 2, what is -11 - -1001110111111001011?
1001110111111001000
In base 11, what is -898 - 6?
-8a3
In base 15, what is -2b6575 - -3?
-2b6572
In base 4, what is -101222303 - 2?
-101222311
In base 16, what is -175 - 86?
-1fb
In base 6, what is 4535 + 4?
4543
In base 6, what is -1505 - -230?
-1235
In base 5, what is 103312 + -104?
103203
In base 9, what is -20175 - 2?
-20177
In base 12, what is -762 - -818?
76
In base 14, what is 18 - 188?
-170
In base 9, what is 721050 - 1?
721048
In base 12, what is 12 - -39225?
39237
In base 8, what is -73034 - -1?
-73033
In base 5, what is 20043 + 30?
20123
In base 13, what is 2 - 426c?
-426a
In base 5, what is 12233403 + 4?
12233412
In base 16, what is 0 - 1b1158?
-1b1158
In base 6, what is 2 + 33003012?
33003014
In base 4, what is -1110031300 - -1?
-1110031233
In base 6, what is -13051505 - 3?
-13051512
In base 13, what is 4615 - -27?
463c
In base 16, what is -284 - cd?
-351
In base 14, what is -6 - 90cd2?
-90cd8
In base 8, what is 136 + 465?
623
In base 9, what is 100617 - -3?
100621
In base 14, what is 7944 - 15?
792d
In base 2, what is -10011000010001100110 + -110?
-10011000010001101100
In base 12, what is -65 - 367?
-410
In base 13, what is -3217 - 12?
-3229
In base 8, what is 72203 - -2?
72205
In base 6, what is 5 - -3003?
3012
In base 5, what is 1400233 + 3?
1400241
In base 7, what is -35 + 2530?
2462
In base 6, what is 43 + 133255?
133342
In base 10, what is 5 + -473351?
-473346
In base 11, what is 73 - 494?
-421
In base 14, what is -4 - 1acb9?
-1acbd
In base 16, what is 14c + 95c?
aa8
In base 9, what is -2 + 414107?
414105
In base 10, what is 1 - 454?
-453
In base 16, what is 4 + -75c?
-758
In base 7, what is -3 + -6561044?
-6561050
In base 11, what is 38 + -8013?
-7a86
In base 13, what is -3153c5 + 1?
-3153c4
In base 9, what is 5 - -86077?
86083
In base 14, what is 54d056 - 2?
54d054
In base 11, what is 0 + -147a07?
-147a07
In base 15, what is 44 - e5?
-a1
In base 16, what is e01f - -3?
e022
In base 4, what is -1000131 + 13?
-1000112
In base 9, what is 22 - 176563?
-176541
In base 2, what is -10010000 + -11100111?
-101110111
In base 8, what is 211 + -131061?
-130650
In base 8, what is 4 - -167063?
167067
In base 2, what is 100111 + 10010000111001?
10010001100000
In base 13, what is 31833 - -3?
31836
In base 7, what is 415 + 265?
1013
In base 6, what is -43130 + 414?
-42312
In base 15, what is 3 + 32bd?
32c1
In base 6, what is -51 - 320015?
-320110
In base 12, what is 4 + 50933?
50937
In base 13, what is -41cc - -36?
-4196
In base 15, what is -207 - -5ab?
3a4
In base 2, what is -10001101111111 + 110011?
-10001101001100
In base 6, what is -2 + 313?
311
In base 12, what is -20410 + -3?
-20413
In base 3, what is -22001102 + -10010?
-22011112
In base 16, what is -3 + -3cbb2?
-3cbb5
In base 11, what is -7583 + 0?
-7583
In base 2, what is -11010111110011011111100 + -11?
-11010111110011011111111
In base 4, what is 113 - -1100?
1213
In base 6, what is -2 - -320424?
320422
In base 14, what is -4 + 102a1?
1029b
In base 13, what is -b - -3b12?
3b04
In base 7, what is -401652 - 1?
-401653
In base 7, what is -51 + -2145?
-2226
In base 9, what is -26132 - -35?
-26086
In base 16, what is -2668fb + 1?
-2668fa
In base 8, what is 2 - -27555?
27557
In base 5, what is 1311 - -34?
1400
In base 10, what is 87056 - -5?
87061
In base 9, what is 4 + -275885?
-275881
In base 4, what is 10232 + -22220?
-11322
In base 2, what is 1010000 - -111001111?
1000011111
In base 15, what is -70763 - 0?
-70763
In base 4, what is 1210303 + 13?
1210322
In base 15, what is -94 + 813c?
8098
In base 13, what is 90 - 40?
50
In base 13, what is -2135 - -4?
-2131
In base 6, what is -44123 - -22?
-44101
In base 7, what is -254 - -2532?
2245
In base 12, what is -213a - 23?
-2161
In base 13, what is -1a1 - -44c?
27b
In base 4, what is -10 - -2100120?
2100110
In base 14, what is 2 + -118a9?
-118a7
In base 2, what is 10100101000111100001 + 10?
10100101000111100011
In base 7, what is 216 + -14246?
-14030
In base 6, what is -20131124 - -4?
-20131120
In base 15, what is 68a - 7?
683
In base 13, what is -73cb8 - -4?
-73cb4
In base 15, what is 2b - 3ec6?
-3e9a
In base 9, what is 2 - 45726?
-45724
In base 5, what is -20 - 11130434?
-11131004
In base 16, what is -3 + 47b55?
47b52
In base 9, what is 1357716 + -5?
1357711
In base 7, what is -21436 - 11?
-21450
In base 11, what is 1765732 - -5?
1765737
In base 2, what is 100110011101 + -101101110?
100000101111
In base 13, what is -a697 - 10?
-a6a7
In base 11, what is -10 - -1243a2?
124392
In base 13, what is 741 - -94?
805
In base 6, what is 1111453 - -4?
1111501
In base 4, what is -3211 - -121212?
112001
In base 11, what is 102 - 7896?
-7794
In base 9, what is -30 - 10132?
-10162
In base 15, what is -176 - 5e6?
-76c
In 